ed by v?
81
Let c(g) = -g**2 + 5*g + 3. Let h be c(5). Suppose 0 = h*q - 3*l - 42, -4*l + 4 = -3*l. What is the remainder when ((-6)/q)/(1/(-147)) is divided by 13?
10
Let s(z) = -6*z**2 + 51*z - 3. Suppose -2*a + 167 = -93. Suppose -5*m + a = -4*d, -m - d + 25 = -2*d. Calculate the remainder when s(6) is divided by m.
27
Let u = 1238 - 1157. What is the remainder when 240 is divided by u?
78
Suppose -47*u + 33*u + 3654 = 0. Let c = 294 - u. What is the remainder when 194 is divided by c?
29
Let t(w) = -43*w - 10. Let m(h) = -h**3 + 15*h**2 + 35*h - 10. Let s be m(17). Suppose -12*v - s*v = -2451. Calculate the remainder when v is divided by t(-1).
30
Suppose -d = 5*v - 73 - 549, -4*v - 5*d = -485. What is the remainder when v is divided by 54?
17
Suppose 15 = 14*q - 29*q. Suppose -4*g - 16 = -5*g. What is the remainder when (q - (-21)/9)/((-2)/(-69)) is divided by g?
14
Let a(p) = 12*p - 9 - p**3 - 13*p**2 + 10*p**2 - 3*p**2. Calculate the remainder when 67 is divided by a(-8).
21
Suppose -24*v = -105*v + 3240. What is the remainder when v is divided by 30?
10
Suppose -3*j = -49 + 76. Calculate the remainder when 2660/60 + (-6)/j is divided by 16.
13
Suppose -175 = 6*z + 545. What is the remainder when 50 is divided by ((-9)/15)/(484/z + 4)?
14
Let p = -28216 - -28229. Calculate the remainder when 16 is divided by p.
3
Let t(g) be the first derivative of -g**4/2 + 5*g**3 + 13*g**2/2 + 26*g + 140. Calculate the remainder when 328 is divided by t(8).
64
Calculate the remainder when -13 + 3507/9 - 2/3 is divided by 31.
4
Let s(r) = 231*r**2 + 38*r + 2. Calculate the remainder when 297 is divided by s(1).
26
Suppose -107 = 26*o - 28*o + a, 0 = 4*o + 6*a - 206. What is the remainder when 313 is divided by o?
48
Let q(t) = t + 26. Let z be q(6). Let x = 45 - z. Suppose -235 = -x*k + 64. What is the remainder when k is divided by 10?
3
Suppose 2097 = -190*f + 15967. Let u(p) = p + 16. Calculate the remainder when f is divided by u(9).
23
Let p = -1414 + 1423. What is the remainder when 1725 is divided by p?
6
Let v = 156 + -160. What is the remainder when (-840)/(-36) - v/(-12) is divided by 17?
6
Suppose 4*l = -4*v + 936, 3*l = -3*v + 4*l + 710. Let t = v + -212. Calculate the remainder when 107 is divided by t.
11
Calculate the remainder when 1545 is divided by 19/((-19)/9)*-1.
6
Let z(f) = -8*f - 71. Let v be z(-9). Let u = v + 14. Let j = 105 - 33. What is the remainder when j is divided by u?
12
What is the remainder when 985 is divided by 37 - ((1 - -6 - 10) + -7)?
45
Let j(o) = -o**2 + 75*o + 1271. Calculate the remainder when j(0) is divided by 128.
119
Suppose l + 7 = -38. Let o = 89 + l. What is the remainder when 174 is divided by o?
42
Let q be (-12)/(-54) - (-1 - (-14)/(-18)). What is the remainder when 174 is divided by 42 - ((-20)/(-25))/q*-5?
42
Let k(q) = q**2 - 2*q. Let p(w) = -2*w**2 + 23*w + 42. Let i(n) = 4*k(n) + p(n). Calculate the remainder when 31 is divided by i(-5).
14
Let t be ((-24)/(-40))/((-1)/(-5)). What is the remainder when 76 is divided by (21/9)/(t/45*5)?
6
Suppose 0 = -15*n - 2*n + 2788. What is the remainder when (1*n/(-5))/(4/(-10)) is divided by 22?
16
What is the remainder when 904 is divided by 29/3 - (-144)/432?
4
Let f(c) = c**3 - 12*c**2 + 36*c - 597. Calculate the remainder when f(20) is divided by 52.
47
Let k = 20780 + -20506. Calculate the remainder when k is divided by 28.
22
Suppose -23*u + 25*u - 4 = 0. Suppose c - 12 - 13 = u*x, -5*c - 2*x = -173. Calculate the remainder when 128 is divided by c.
29
Let q be ((-8)/6)/(2/(-30)). Let r be 85 - 2/(8/q). Suppose -o + r = 78. What is the remainder when o is divided by 2?
0
Let j = -9830 + 13369. Calculate the remainder when j is divided by 24.
11
Let s(g) = 5*g - 71. Let n(c) = -5*c + 72. Let w(i) = 5*n(i) + 4*s(i). Suppose 0*f - f + 38 = 5*k, 0 = -5*k. What is the remainder when w(-7) is divided by f?
35
Let o(x) = -8*x - 102. Let r be ((-1)/1)/(-1*1/(-8)). What is the remainder when o(-22) is divided by 53/5 + (96/(-30))/r?
8
Suppose 0 = -5*t + 3*n + 56, 9*t = 5*t - n + 55. Suppose -3*f - t + 58 = -3*g, 5*f + 4*g - 66 = 0. What is the remainder when f is divided by 14?
0
Suppose -1742*m - 1025*m - 44*m + 33504 = -19*m. Let h be (-134)/(-5) + (-1)/(-5). Let x = h - 6. What is the remainder when x is divided by m?
9
Suppose 5*u - 21425 + 4695 = -3*y, 0 = -4*y - 20. What is the remainder when u is divided by 129?
124
Let t(y) be the second derivative of -y**5/20 + y**4 + y**3/6 + y**2 + 39*y. Let n be t(12). What is the remainder when 39 is divided by (n - 1)/(-7 - -8)?
0
Let h(r) = r**3 + 11*r**2 - 36*r - 384. Let b(u) = 3*u**2 + 2*u + 6. Calculate the remainder when b(-5) is divided by h(-11).
11
Let g(h) be the first derivative of h**2 + 37*h - 37. Let r = 7 + 10. What is the remainder when g(13) is divided by r?
12
Let p = 261 - 246. Suppose 2737 = -d - 2*d + 4*v, 5*v = 20. What is the remainder when d/(-9) + 4/18 is divided by p?
11
Suppose 331 = -4*u + 395. Let s be 1/(0 - (-3)/234). Let x = -47 + s. Calculate the remainder when x is divided by u.
15
Let f(i) = -18 + 46*i - i**3 - 18*i**2 - 21*i - 43*i. Let j be f(-17). Calculate the remainder when (0 - (j + 2))*-79 is divided by 17.
11
Suppose 0*s = 4*s - 2*v + 1248, -1260 = 4*s - 5*v. Let x = s + 318. What is the remainder when 28 is divided by x?
4
Suppose -2*j = -3*h - j + 1, -5*h + 4*j - 10 = 0. What is the remainder when (h - 10/6) + (-3800)/(-57) is divided by 25?
17
Suppose 263*z - 271*z + 152 = 0. Let w(q) = 60*q**2 - 3*q - 3. What is the remainder when w(-2) is divided by z?
15
Let w = -5964 + 6297. Calculate the remainder when w is divided by 74.
37
Let d be 2/((-2)/(-9)) + (51 - 50). Let l(i) = i**3 - 11*i**2 + 20*i - 50. Calculate the remainder when l(d) is divided by (24 + 0)*(-3)/(-4).
14
Suppose 34 + 1 = -5*d. Let l(g) = -g - 7. Let c be l(d). Suppose -4*r - r - 4*q + 78 = c, -2*q + 12 = r. Calculate the remainder when 68 is divided by r.
14
Let t = 111 - -41. Calculate the remainder when 94 is divided by 2568/t + -3*2/(-57).
9
Suppose -3*q + 34056 = 6*k, 4*q - 20 = -q. Calculate the remainder when k is divided by 129.
127
Suppose -a - 684 = -3*s, -6*a + 9*a = -5*s + 1154. Calculate the remainder when 1595 is divided by s.
221
Suppose 5*x - 3*n - 438 = 0, 69 = -2*x + 5*n + 248. Let w be (5 - 0)*144/10. What is the remainder when x is divided by 10/(-6)*w/(-8)?
12
Let q = -590 - -1011. What is the remainder when q is divided by 218?
203
Suppose 4*a = h + 64, -5*a - h + 87 - 7 = 0. Let m = a + 1. What is the remainder when (-268)/(-9) - 12/(-54) is divided by m?
13
Let v(q) = 14*q - 190. Suppose -4*g - j = -325, -72 = -g - 2*j + 4. What is the remainder when g is divided by v(14)?
4
Let g be -62 + 5 + (2 + -1 - -3). Let u = g - -60. Calculate the remainder when 12 is divided by u.
5
Let f(z) = 2*z - 16. Let y be -7*(-2)/6*-3. Let n = 29 + y. Calculate the remainder when f(n) is divided by 10.
8
Let a(k) = -2*k + 11. Let p be a(3). Suppose h = 4*b - 0*h + 28, 2*h = -p*b - 35. Let m(d) = 5*d + 49. What is the remainder when 82 is divided by m(b)?
12
Let j = 1682 + -616. Calculate the remainder when j is divided by 266.
2
Calculate the remainder when 36*-1*(-5874)/396 is divided by 98.
44
Let d = -2092 + 2279. Calculate the remainder when 949 is divided by d.
14
Let t be 7092/10 + (-5)/25. Calculate the remainder when (-30)/105 - t/(-7) is divided by 15.
11
Let i(q) = -2*q**3 + 60*q**2 + 16*q - 3. Calculate the remainder when i(30) is divided by 236.
5
Suppose 58*g + 513 = 85*g. Calculate the remainder when 852 is divided by g.
16
Let d = -92 + 101. Suppose 0 = t + 4*n + 9, 0*t - 3*n - 1 = -5*t. Calculate the remainder when (-32 - (-12)/(-4))/t is divided by d.
8
Let l(k) = -k**2 - 15*k + 16. Let a = 19 + -31. Suppose -5*p + 45 + 45 = 0. Calculate the remainder when l(a) is divided by p.
16
Suppose 20*v - 36*v = -144. Suppose 360 = 11*k + v*k. Suppose -4*s + 5*q = -146, -3*s + 13 = -3*q - 95. Calculate the remainder when s is divided by k.
16
Suppose -3*h - 8 = -5. Let f = -70 - -85. Calculate the remainder when 668/16 - -2*h/(-8) is divided by f.
12
Suppose 4*c - 7248 = 5*t, 2519 + 2914 = 3*c - 3*t. What is the remainder when c is divided by 67?
65
Suppose 25*i + 1391 = 132*i. Cal